{"id":20,"date":"2019-02-05T19:55:49","date_gmt":"2019-02-05T19:55:49","guid":{"rendered":"http:\/\/praxis-leonhardt.de\/?page_id=20"},"modified":"2025-11-27T11:17:02","modified_gmt":"2025-11-27T11:17:02","slug":"das-team","status":"publish","type":"page","link":"https:\/\/praxis-leonhardt.de\/?page_id=20","title":{"rendered":"Das Team"},"content":{"rendered":"\n<h2 class=\"wp-block-heading\" id=\"die-arzte\">Der Arzt<\/h2>\n\n\n\n<h3 class=\"wp-block-heading\" id=\"dr-med-martin-leonhardt\"><strong>Dr. med. Martin Leonhardt<\/strong><\/h3>\n\n\n\n<p><strong>Dr. med. Martin Leonhardt<\/strong> hat zum 1.1.2009 die Praxis in Osterode am Harz von seinem Vater \u00fcbernommen. Er ist verheiratet und hat vier Kinder.<\/p>\n\n\n\n<p>Nach seinem Studium und der Doktorpr\u00fcfung an der Medizinischen Hochschule Hannover hat er im <strong>Allgemeinen Krankenhaus Celle in der Abteilung f\u00fcr Innere Medizin<\/strong> gearbeitet.<\/p>\n\n\n<div class=\"wp-block-image is-style-default\">\n<figure class=\"aligncenter size-large\"><img loading=\"lazy\" decoding=\"async\" width=\"500\" height=\"500\" src=\"https:\/\/praxis-leonhardt.de\/wp-content\/uploads\/2020\/02\/Martin_L_500.jpg\" alt=\"\" class=\"wp-image-231\" srcset=\"https:\/\/praxis-leonhardt.de\/wp-content\/uploads\/2020\/02\/Martin_L_500.jpg 500w, https:\/\/praxis-leonhardt.de\/wp-content\/uploads\/2020\/02\/Martin_L_500-300x300.jpg 300w, https:\/\/praxis-leonhardt.de\/wp-content\/uploads\/2020\/02\/Martin_L_500-150x150.jpg 150w, https:\/\/praxis-leonhardt.de\/wp-content\/uploads\/2020\/02\/Martin_L_500-100x100.jpg 100w\" sizes=\"auto, (max-width: 500px) 100vw, 500px\" \/><figcaption class=\"wp-element-caption\">Dr. med. Martin Leonhardt<\/figcaption><\/figure>\n<\/div>\n\n\n<p>Von 2003 bis 2008 war er im <strong>Klinikum Hildesheim als Assistenzarzt in der Inneren Medizin<\/strong> t\u00e4tig. Hier hat er die gesamte Bandbreite der Inneren Medizin kennengelernt. Seine Ausbildung hat Dr. Martin Leonhardt 2008 mit der <strong>Facharztpr\u00fcfung als Internist<\/strong> abgeschlossen.<\/p>\n\n\n\n<p>Zudem hat er die <strong>Zusatzqualifikation &#8222;Notfallmedizin&#8220;<\/strong> erworben.<\/p>\n\n\n\n<p>Neben der Praxist\u00e4tigkeit betreut er ehrenamtlich die <strong>Herzsportgruppe beim MTV Osterode.<\/strong><\/p>\n\n\n\n<h2 class=\"wp-block-heading\" id=\"mitarbeiterinnen\">Mitarbeiterinnen<\/h2>\n\n\n\n<p>Dr. med. Martin Leonhardt hat das eingespielte Praxisteam von seinem  Vater Dr. med. Friedrich Leonhardt \u00fcbernommen, der die Praxis von 1980  bis 2009 leitete.<\/p>\n\n\n<div class=\"wp-block-image\">\n<figure class=\"aligncenter size-large\"><img loading=\"lazy\" decoding=\"async\" width=\"300\" height=\"300\" src=\"https:\/\/praxis-leonhardt.de\/wp-content\/uploads\/2021\/04\/Leonie_H.jpg\" alt=\"\" class=\"wp-image-368\" srcset=\"https:\/\/praxis-leonhardt.de\/wp-content\/uploads\/2021\/04\/Leonie_H.jpg 300w, https:\/\/praxis-leonhardt.de\/wp-content\/uploads\/2021\/04\/Leonie_H-150x150.jpg 150w, https:\/\/praxis-leonhardt.de\/wp-content\/uploads\/2021\/04\/Leonie_H-100x100.jpg 100w\" sizes=\"auto, (max-width: 300px) 100vw, 300px\" \/><figcaption class=\"wp-element-caption\"> <strong>Leonie Hoffmann<\/strong>, medizinische Fachangestellte, VERAH\/N\u00e4pa, Ausbildungsbeauftragte, in der Praxis seit 8\/2016  <\/figcaption><\/figure>\n<\/div>\n\n<div class=\"wp-block-image\">\n<figure class=\"aligncenter size-large\"><img loading=\"lazy\" decoding=\"async\" width=\"300\" height=\"300\" src=\"https:\/\/praxis-leonhardt.de\/wp-content\/uploads\/2020\/02\/Susanne_B.jpg\" alt=\"\" class=\"wp-image-223\" srcset=\"https:\/\/praxis-leonhardt.de\/wp-content\/uploads\/2020\/02\/Susanne_B.jpg 300w, https:\/\/praxis-leonhardt.de\/wp-content\/uploads\/2020\/02\/Susanne_B-150x150.jpg 150w, https:\/\/praxis-leonhardt.de\/wp-content\/uploads\/2020\/02\/Susanne_B-100x100.jpg 100w\" sizes=\"auto, (max-width: 300px) 100vw, 300px\" \/><figcaption class=\"wp-element-caption\"> <strong>Susanne Borsutzki<\/strong>, medizinische Fachangestellte, Notfallmanagement, in der Praxis seit 1991 <\/figcaption><\/figure>\n<\/div>\n\n<div class=\"wp-block-image\">\n<figure class=\"aligncenter size-large\"><img loading=\"lazy\" decoding=\"async\" width=\"300\" height=\"300\" src=\"https:\/\/praxis-leonhardt.de\/wp-content\/uploads\/2021\/04\/Elena_L.jpg\" alt=\"\" class=\"wp-image-364\" srcset=\"https:\/\/praxis-leonhardt.de\/wp-content\/uploads\/2021\/04\/Elena_L.jpg 300w, https:\/\/praxis-leonhardt.de\/wp-content\/uploads\/2021\/04\/Elena_L-150x150.jpg 150w, https:\/\/praxis-leonhardt.de\/wp-content\/uploads\/2021\/04\/Elena_L-100x100.jpg 100w\" sizes=\"auto, (max-width: 300px) 100vw, 300px\" \/><figcaption class=\"wp-element-caption\"> <strong>Elena Lautenschleger<\/strong>, medizinische Fachangestellte, Hygienebeauftragte, QM-Beauftragte, in der Praxis seit 1996  <\/figcaption><\/figure>\n<\/div>\n\n<div class=\"wp-block-image\">\n<figure class=\"aligncenter size-large\"><img loading=\"lazy\" decoding=\"async\" width=\"300\" height=\"300\" src=\"https:\/\/praxis-leonhardt.de\/wp-content\/uploads\/2020\/02\/Rebecca_S.jpg\" alt=\"\" class=\"wp-image-228\" srcset=\"https:\/\/praxis-leonhardt.de\/wp-content\/uploads\/2020\/02\/Rebecca_S.jpg 300w, https:\/\/praxis-leonhardt.de\/wp-content\/uploads\/2020\/02\/Rebecca_S-150x150.jpg 150w, https:\/\/praxis-leonhardt.de\/wp-content\/uploads\/2020\/02\/Rebecca_S-100x100.jpg 100w\" sizes=\"auto, (max-width: 300px) 100vw, 300px\" \/><figcaption class=\"wp-element-caption\"> <strong>Rebecca Schell<\/strong>, Medizinische Fachangestellte, Medizinproduktebeauftragte, in der Praxis seit 2007<\/figcaption><\/figure>\n<\/div>\n\n<div class=\"wp-block-image\">\n<figure class=\"aligncenter size-large\"><img loading=\"lazy\" decoding=\"async\" width=\"300\" height=\"300\" src=\"https:\/\/praxis-leonhardt.de\/wp-content\/uploads\/2020\/02\/Claudia_L-1.jpg\" alt=\"\" class=\"wp-image-217\" srcset=\"https:\/\/praxis-leonhardt.de\/wp-content\/uploads\/2020\/02\/Claudia_L-1.jpg 300w, https:\/\/praxis-leonhardt.de\/wp-content\/uploads\/2020\/02\/Claudia_L-1-150x150.jpg 150w, https:\/\/praxis-leonhardt.de\/wp-content\/uploads\/2020\/02\/Claudia_L-1-100x100.jpg 100w\" sizes=\"auto, (max-width: 300px) 100vw, 300px\" \/><figcaption class=\"wp-element-caption\"> <strong>Claudia Leonhardt<\/strong>, Abrechnungen, Homepage-Beauttragte, in der Praxis seit 10\/2014 <\/figcaption><\/figure>\n<\/div>\n\n<p><!--EndFragment--><\/p>\n<\/p>","protected":false},"excerpt":{"rendered":"<p>Der Arzt Dr. med. Martin Leonhardt Dr. med. Martin Leonhardt hat zum 1.1.2009 die Praxis in Osterode am Harz von seinem Vater \u00fcbernommen. Er ist verheiratet und hat vier Kinder. Nach seinem Studium und der Doktorpr\u00fcfung an der Medizinischen Hochschule Hannover hat er im Allgemeinen Krankenhaus Celle in der Abteilung f\u00fcr Innere Medizin gearbeitet. Von &hellip; <\/p>\n<p class=\"link-more\"><a href=\"https:\/\/praxis-leonhardt.de\/?page_id=20\" class=\"more-link\"><span class=\"screen-reader-text\">\u201eDas Team\u201c <\/span>weiterlesen<\/a><\/p>\n","protected":false},"author":1,"featured_media":0,"parent":0,"menu_order":0,"comment_status":"closed","ping_status":"closed","template":"","meta":{"footnotes":""},"class_list":["post-20","page","type-page","status-publish","hentry"],"_links":{"self":[{"href":"https:\/\/praxis-leonhardt.de\/index.php?rest_route=\/wp\/v2\/pages\/20","targetHints":{"allow":["GET"]}}],"collection":[{"href":"https:\/\/praxis-leonhardt.de\/index.php?rest_route=\/wp\/v2\/pages"}],"about":[{"href":"https:\/\/praxis-leonhardt.de\/index.php?rest_route=\/wp\/v2\/types\/page"}],"author":[{"embeddable":true,"href":"https:\/\/praxis-leonhardt.de\/index.php?rest_route=\/wp\/v2\/users\/1"}],"replies":[{"embeddable":true,"href":"https:\/\/praxis-leonhardt.de\/index.php?rest_route=%2Fwp%2Fv2%2Fcomments&post=20"}],"version-history":[{"count":38,"href":"https:\/\/praxis-leonhardt.de\/index.php?rest_route=\/wp\/v2\/pages\/20\/revisions"}],"predecessor-version":[{"id":623,"href":"https:\/\/praxis-leonhardt.de\/index.php?rest_route=\/wp\/v2\/pages\/20\/revisions\/623"}],"wp:attachment":[{"href":"https:\/\/praxis-leonhardt.de\/index.php?rest_route=%2Fwp%2Fv2%2Fmedia&parent=20"}],"curies":[{"name":"wp","href":"https:\/\/api.w.org\/{rel}","templated":true}]}}

<h2 class="wp-block-heading" id="die-arzte">Der Arzt</h2>



<h3 class="wp-block-heading" id="dr-med-martin-leonhardt"><strong>Dr. med. Martin Leonhardt</strong></h3>



<p><strong>Dr. med. Martin Leonhardt</strong> hat zum 1.1.2009 die Praxis in Osterode am Harz von seinem Vater übernommen. Er ist verheiratet und hat vier Kinder.</p>



<p>Nach seinem Studium und der Doktorprüfung an der Medizinischen Hochschule Hannover hat er im <strong>Allgemeinen Krankenhaus Celle in der Abteilung für Innere Medizin</strong> gearbeitet.</p>


<div class="wp-block-image is-style-default">
<figure class="aligncenter size-large"><img loading="lazy" decoding="async" width="500" height="500" src="https://praxis-leonhardt.de/wp-content/uploads/2020/02/Martin_L_500.jpg" alt="" class="wp-image-231" srcset="https://praxis-leonhardt.de/wp-content/uploads/2020/02/Martin_L_500.jpg 500w, https://praxis-leonhardt.de/wp-content/uploads/2020/02/Martin_L_500-300x300.jpg 300w, https://praxis-leonhardt.de/wp-content/uploads/2020/02/Martin_L_500-150x150.jpg 150w, https://praxis-leonhardt.de/wp-content/uploads/2020/02/Martin_L_500-100x100.jpg 100w" sizes="auto, (max-width: 500px) 100vw, 500px" /><figcaption class="wp-element-caption">Dr. med. Martin Leonhardt</figcaption></figure>
</div>


<p>Von 2003 bis 2008 war er im <strong>Klinikum Hildesheim als Assistenzarzt in der Inneren Medizin</strong> tätig. Hier hat er die gesamte Bandbreite der Inneren Medizin kennengelernt. Seine Ausbildung hat Dr. Martin Leonhardt 2008 mit der <strong>Facharztprüfung als Internist</strong> abgeschlossen.</p>



<p>Zudem hat er die <strong>Zusatzqualifikation &#8222;Notfallmedizin&#8220;</strong> erworben.</p>



<p>Neben der Praxistätigkeit betreut er ehrenamtlich die <strong>Herzsportgruppe beim MTV Osterode.</strong></p>



<h2 class="wp-block-heading" id="mitarbeiterinnen">Mitarbeiterinnen</h2>



<p>Dr. med. Martin Leonhardt hat das eingespielte Praxisteam von seinem  Vater Dr. med. Friedrich Leonhardt übernommen, der die Praxis von 1980  bis 2009 leitete.</p>


<div class="wp-block-image">
<figure class="aligncenter size-large"><img loading="lazy" decoding="async" width="300" height="300" src="https://praxis-leonhardt.de/wp-content/uploads/2021/04/Leonie_H.jpg" alt="" class="wp-image-368" srcset="https://praxis-leonhardt.de/wp-content/uploads/2021/04/Leonie_H.jpg 300w, https://praxis-leonhardt.de/wp-content/uploads/2021/04/Leonie_H-150x150.jpg 150w, https://praxis-leonhardt.de/wp-content/uploads/2021/04/Leonie_H-100x100.jpg 100w" sizes="auto, (max-width: 300px) 100vw, 300px" /><figcaption class="wp-element-caption"> <strong>Leonie Hoffmann</strong>, medizinische Fachangestellte, VERAH/Näpa, Ausbildungsbeauftragte, in der Praxis seit 8/2016  </figcaption></figure>
</div>

<div class="wp-block-image">
<figure class="aligncenter size-large"><img loading="lazy" decoding="async" width="300" height="300" src="https://praxis-leonhardt.de/wp-content/uploads/2020/02/Susanne_B.jpg" alt="" class="wp-image-223" srcset="https://praxis-leonhardt.de/wp-content/uploads/2020/02/Susanne_B.jpg 300w, https://praxis-leonhardt.de/wp-content/uploads/2020/02/Susanne_B-150x150.jpg 150w, https://praxis-leonhardt.de/wp-content/uploads/2020/02/Susanne_B-100x100.jpg 100w" sizes="auto, (max-width: 300px) 100vw, 300px" /><figcaption class="wp-element-caption"> <strong>Susanne Borsutzki</strong>, medizinische Fachangestellte, Notfallmanagement, in der Praxis seit 1991 </figcaption></figure>
</div>

<div class="wp-block-image">
<figure class="aligncenter size-large"><img loading="lazy" decoding="async" width="300" height="300" src="https://praxis-leonhardt.de/wp-content/uploads/2021/04/Elena_L.jpg" alt="" class="wp-image-364" srcset="https://praxis-leonhardt.de/wp-content/uploads/2021/04/Elena_L.jpg 300w, https://praxis-leonhardt.de/wp-content/uploads/2021/04/Elena_L-150x150.jpg 150w, https://praxis-leonhardt.de/wp-content/uploads/2021/04/Elena_L-100x100.jpg 100w" sizes="auto, (max-width: 300px) 100vw, 300px" /><figcaption class="wp-element-caption"> <strong>Elena Lautenschleger</strong>, medizinische Fachangestellte, Hygienebeauftragte, QM-Beauftragte, in der Praxis seit 1996  </figcaption></figure>
</div>

<div class="wp-block-image">
<figure class="aligncenter size-large"><img loading="lazy" decoding="async" width="300" height="300" src="https://praxis-leonhardt.de/wp-content/uploads/2020/02/Rebecca_S.jpg" alt="" class="wp-image-228" srcset="https://praxis-leonhardt.de/wp-content/uploads/2020/02/Rebecca_S.jpg 300w, https://praxis-leonhardt.de/wp-content/uploads/2020/02/Rebecca_S-150x150.jpg 150w, https://praxis-leonhardt.de/wp-content/uploads/2020/02/Rebecca_S-100x100.jpg 100w" sizes="auto, (max-width: 300px) 100vw, 300px" /><figcaption class="wp-element-caption"> <strong>Rebecca Schell</strong>, Medizinische Fachangestellte, Medizinproduktebeauftragte, in der Praxis seit 2007</figcaption></figure>
</div>

<div class="wp-block-image">
<figure class="aligncenter size-large"><img loading="lazy" decoding="async" width="300" height="300" src="https://praxis-leonhardt.de/wp-content/uploads/2020/02/Claudia_L-1.jpg" alt="" class="wp-image-217" srcset="https://praxis-leonhardt.de/wp-content/uploads/2020/02/Claudia_L-1.jpg 300w, https://praxis-leonhardt.de/wp-content/uploads/2020/02/Claudia_L-1-150x150.jpg 150w, https://praxis-leonhardt.de/wp-content/uploads/2020/02/Claudia_L-1-100x100.jpg 100w" sizes="auto, (max-width: 300px) 100vw, 300px" /><figcaption class="wp-element-caption"> <strong>Claudia Leonhardt</strong>, Abrechnungen, Homepage-Beauttragte, in der Praxis seit 10/2014 </figcaption></figure>
</div>

<p><!--EndFragment--></p>
</p>

<p>Der Arzt Dr. med. Martin Leonhardt Dr. med. Martin Leonhardt hat zum 1.1.2009 die Praxis in Osterode am Harz von seinem Vater übernommen. Er ist verheiratet und hat vier Kinder. Nach seinem Studium und der Doktorprüfung an der Medizinischen Hochschule Hannover hat er im Allgemeinen Krankenhaus Celle in der Abteilung für Innere Medizin gearbeitet. Von &hellip; </p>
<p class="link-more"><a href="https://praxis-leonhardt.de/?page_id=20" class="more-link"><span class="screen-reader-text">„Das Team“ </span>weiterlesen</a></p>
