{"id":27,"date":"2019-02-05T20:06:47","date_gmt":"2019-02-05T20:06:47","guid":{"rendered":"http:\/\/praxis-leonhardt.de\/?page_id=27"},"modified":"2023-02-13T10:49:27","modified_gmt":"2023-02-13T10:49:27","slug":"individuelle-gesundheitsleistungen-igel","status":"publish","type":"page","link":"https:\/\/praxis-leonhardt.de\/?page_id=27","title":{"rendered":"Individuelle Gesundheitsleistungen (IGeL)"},"content":{"rendered":"<p>\n<!--StartFragment--><\/p>\n\n\n<p>Im Rahmen der zur\u00fcckliegenden Gesundheitsreformen wurde das Leistungsangebot der Krankenkassen zum Teil eingeschr\u00e4nkt.<br>Medizinisch  notwendige Untersuchungen bei akuten oder chronischen Erkrankungen  geh\u00f6ren weiterhin zum Leistungsspektrum der gesetzlichen  Krankenversicherung (GKV). Auch haben Sie alle drei Jahre Anspruch auf  eine Gesundheitsuntersuchung und jedes Jahr auf eine  Krebsvorsorgeuntersuchung (M\u00e4nner ab 45, Frauen ab 20 Jahren).<br><br>In  den letzten Jahren hat sich f\u00fcr zus\u00e4tzliche medizinisch sinnvolle und  empfehlenswerte Untersuchungen und Behandlungen, welche nicht zum  Leistungskatalog der gesetzlichen Krankenversicherung geh\u00f6ren oder auch  f\u00fcr Wunschuntersuchungen und Behandlungen der Begriff <strong>individuelle Gesundheitsleistungen (kurz IGeL)<\/strong> etabliert.<\/p>\n\n\n\n<p>Folgende individuellen Gesundheitsleistungen bieten wir Ihnen in unserer Praxis an:<\/p>\n\n\n\n<ul class=\"wp-block-list\">\n<li><strong>Kleiner Gesundheitscheck im Intervall<\/strong><br><\/li>\n\n\n\n<li><strong>Gro\u00dfer Gesundheitscheck<\/strong><br><\/li>\n\n\n\n<li><strong>Test auf das individuelle Risiko einen Herzinfarkt oder Diabetes zu entwickeln<\/strong><br><\/li>\n\n\n\n<li><strong>Einzeluntersuchungen auf Wunsch:<\/strong>\n<ul class=\"wp-block-list\">\n<li>EKG<\/li>\n\n\n\n<li>Belastungs-EKG<\/li>\n\n\n\n<li>Lungenfunktion<\/li>\n\n\n\n<li>Ultraschall des Bauches<\/li>\n<\/ul>\n<\/li>\n\n\n\n<li><strong>Kurze Bescheinigung au\u00dferhalb der GKV-Leistung<br> <\/strong><\/li>\n\n\n\n<li><strong>Erstellung eines privaten Gutachtens<br> <\/strong><\/li>\n\n\n\n<li><strong>Behandlung mit Vitaminen und Aufbaupr\u00e4paraten<\/strong><\/li>\n<\/ul>\n\n\n\n<p>Spezielle Laboruntersuchungen entnehmen Sie bitte den im Wartezimmer ausgeh\u00e4ngten Faltbl\u00e4ttern.<br><br>Wenn\n Sie Interesse an bestimmten Leistungen haben, sprechen Sie bitte das \nPraxispersonal oder den Arzt an. In einem pers\u00f6nlichen Gespr\u00e4ch kann Dr.\n Leonhardt Ihnen weitere Informationen geben und kl\u00e4ren, ob die \ngew\u00fcnschte Untersuchung f\u00fcr Sie sinnvoll ist.<\/p>\n\n\n<p><!--EndFragment--><\/p>","protected":false},"excerpt":{"rendered":"<p>Im Rahmen der zur\u00fcckliegenden Gesundheitsreformen wurde das Leistungsangebot der Krankenkassen zum Teil eingeschr\u00e4nkt.Medizinisch notwendige Untersuchungen bei akuten oder chronischen Erkrankungen geh\u00f6ren weiterhin zum Leistungsspektrum der gesetzlichen Krankenversicherung (GKV). Auch haben Sie alle drei Jahre Anspruch auf eine Gesundheitsuntersuchung und jedes Jahr auf eine Krebsvorsorgeuntersuchung (M\u00e4nner ab 45, Frauen ab 20 Jahren). In den letzten Jahren &hellip; <\/p>\n<p class=\"link-more\"><a href=\"https:\/\/praxis-leonhardt.de\/?page_id=27\" class=\"more-link\"><span class=\"screen-reader-text\">\u201eIndividuelle Gesundheitsleistungen (IGeL)\u201c <\/span>weiterlesen<\/a><\/p>\n","protected":false},"author":1,"featured_media":0,"parent":0,"menu_order":0,"comment_status":"closed","ping_status":"closed","template":"","meta":{"footnotes":""},"class_list":["post-27","page","type-page","status-publish","hentry"],"_links":{"self":[{"href":"https:\/\/praxis-leonhardt.de\/index.php?rest_route=\/wp\/v2\/pages\/27","targetHints":{"allow":["GET"]}}],"collection":[{"href":"https:\/\/praxis-leonhardt.de\/index.php?rest_route=\/wp\/v2\/pages"}],"about":[{"href":"https:\/\/praxis-leonhardt.de\/index.php?rest_route=\/wp\/v2\/types\/page"}],"author":[{"embeddable":true,"href":"https:\/\/praxis-leonhardt.de\/index.php?rest_route=\/wp\/v2\/users\/1"}],"replies":[{"embeddable":true,"href":"https:\/\/praxis-leonhardt.de\/index.php?rest_route=%2Fwp%2Fv2%2Fcomments&post=27"}],"version-history":[{"count":5,"href":"https:\/\/praxis-leonhardt.de\/index.php?rest_route=\/wp\/v2\/pages\/27\/revisions"}],"predecessor-version":[{"id":538,"href":"https:\/\/praxis-leonhardt.de\/index.php?rest_route=\/wp\/v2\/pages\/27\/revisions\/538"}],"wp:attachment":[{"href":"https:\/\/praxis-leonhardt.de\/index.php?rest_route=%2Fwp%2Fv2%2Fmedia&parent=27"}],"curies":[{"name":"wp","href":"https:\/\/api.w.org\/{rel}","templated":true}]}}